) to base 16.
486a9
Convert -1a84350 (base 12) to base 5.
-2421210341
What is -1301520 (base 6) in base 4?
-101023320
-22122201 (base 3) to base 10
-6310
Convert -131023121 (base 4) to base 2.
-11101001011011001
What is -2829517 (base 10) in base 5?
-1211021032
ac0a (base 16) to base 5
2402132
Convert 112200110101210 (base 3) to base 10.
7803507
What is -3c563 (base 16) in base 7?
-2046344
What is -7861538 (base 9) in base 16?
-409736
Convert 13432101 (base 8) to base 14.
58b721
What is 2468504 (base 12) in base 13?
161a6b5
What is 2cd3e0 (base 16) in base 4?
23031033200
5064ab (base 12) to base 7
13445402
What is 38483 (base 11) in base 8?
153552
Convert 214240 (base 6) to base 8.
42620
1102100100112 (base 3) to base 13
205715
What is 103233032 (base 4) in base 12?
3a952
Convert 1011011011110000011011 (base 2) to base 16.
2dbc1b
Convert 177c3c (base 14) to base 8.
3121676
341b09 (base 14) to base 8
6605015
-10210341 (base 6) to base 9
-502257
Convert 211408 (base 11) to base 14.
8b554
What is 3330103010 (base 4) in base 12?
41a058
What is -86a7 (base 11) in base 16?
-2ce3
-8874a (base 11) to base 15
-281d7
64a348 (base 16) to base 11
37a5249
What is 204211212 (base 5) in base 4?
3033231313
Convert -15b822 (base 15) to base 12.
-428595
Convert 582223 (base 13) to base 6.
112442334
-125202223 (base 6) to base 10
-2488839
2320032023 (base 5) to base 11
2a572a7
What is -20320232023 (base 4) in base 3?
-11101100110011
Convert 1a2802 (base 15) to base 9.
2351752
-1002202000020 (base 3) to base 8
-2167261
315666 (base 8) to base 9
170518
Convert -128131 (base 9) to base 15.
-18227
-4559ab3 (base 12) to base 10
-13308903
Convert 5251c (base 13) to base 14.
3bd65
Convert -25552626 (base 7) to base 13.
-638802
What is -578a11 (base 14) in base 3?
-12121111110221
What is 1001001111100100110101 (base 2) in base 5?
1110014333
Convert -a22074 (base 13) to base 7.
-44040331
-4161311 (base 7) to base 4
-1322220203
Convert 14151130 (base 6) to base 2.
1110101011100111110
-102122414 (base 6) to base 14
-346162
511688 (base 13) to base 16
1cd05d
-14081 (base 15) to base 10
-64246
-da507 (base 14) to base 6
-15151403
e1a21 (base 15) to base 8
2563246
What is -4752570 (base 8) in base 5?
-313043312
-631832 (base 9) to base 5
-44003013
1859041 (base 11) to base 5
1301121243
1a65a5 (base 14) to base 6
32045513
-1506a84 (base 14) to base 8
-47032414
What is 111120122022211 (base 3) in base 6?
414402121
312580 (base 12) to base 7
6362166
What is 198a439 (base 12) in base 13?
1175160
44300054 (base 7) to base 9
7154452
320041 (base 6) to base 7
135433
Convert -1366023 (base 8) to base 6.
-12152455
-ba8a82 (base 13) to base 6
-234024221
Convert 1032222313 (base 4) to base 15.
65721
-105142102 (base 7) to base 3
-110000010222111
Convert -222000322 (base 4) to base 6.
-3404414
10bc211 (base 13) to base 15
6c1281
What is -201301134 (base 6) in base 4?
-31011101302
-7715f (base 16) to base 14
-c9a91
Convert 223332331031 (base 4) to base 15.
102b4ab
17628064 (base 9) to base 8
41670512
Convert 22001200101012 (base 3) to base 14.
7d7636
-1c775a8 (base 13) to base 3
-122212120122112
What is -12120122002201 (base 3) in base 6?
-143314244
-94545e (base 16) to base 10
-9720926
What is 11644613 (base 7) in base 4?
10001022002
1677c7 (base 16) to base 4
11213133013
What is -10022222021111 (base 3) in base 8?
-6602677
Convert -230144215 (base 6) to base 11.
-2418282
What is 1290038 (base 10) in base 8?
4727466
-309db (base 15) to base 7
-1211201
What is -5660312 (base 7) in base 12?
-29b255
Convert -6777406 (base 10) to base 13.
-1533acc
Convert -111111111011011100101 (base 2) to base 15.
-2b5a4b
Convert -3526163 (base 7) to base 15.
-8b80b
What is 7704b (base 12) in base 14?
41483
-124ae7 (base 15) to base 12
-363354
Convert -23664452 (base 7) to base 12.
-861072
-10a9420 (base 11) to base 6
-105213144
20300020 (base 7) to base 10
1697521
Convert -17b199 (base 14) to base 9.
-1515438
Convert -12250360 (base 7) to base 10.
-1104649
-16696318 (base 10) to base 11
-9474211
Convert -b294 (base 14) to base 12.
-1592a
28324 (base 14) to base 7
562544
402450 (base 8) to base 4
200110220
-111211454 (base 6) to base 14
-3a95a2
What is -25335534 (base 6) in base 9?
-1482074
What is 120982 (base 12) in base 9?
484118
-523846 (base 12) to base 5
-312321042
What is -12112223 (base 7) in base 14?
-20124a
What is -d4e32 (base 16) in base 6?
-30404550
What is -10100010101011 (base 2) in base 8?
-24253
-adc8 (base 16) to base 8
-126710
Convert -254ea2 (base 16) to base 6.
-124223134
-11107 (base 13) to base 4
-13203112
What is -2214544 (base 6) in base 16?
-1b280
What is -21040700 (base 9) in base 3?
-201001100210000
Convert 1020112101120 (base 3) to base 11.
410988
Convert -35369a (base 14) to base 5.
-431040341
What is 2695795 (base 10) in base 16?
292273
-70538 (base 14) to base 12
-110272
Convert 22022113 (base 4) to base 6.
520411
Convert -b8 (base 16) to base 4.
-2320
1268102 (base 11) to base 9
4111216
-12462568 (base 10) to base 14
-1925a76
What is 1473794 (base 10) in base 16?
167d02
Convert -130304300 (base 6) to base 13.
-6b0a81
-1465cc0 (base 13) to base 6
-351124244
What is -13365234 (base 7) in base 12?
-4bb503
Convert 334024 (base 8) to base 7.
646312
What is 3123629 (base 11) in base 16?
541286
What is -11b509 (base 12) in base 10?
-289305
256866 (base 15) to base 12
726259
What is 3017029 (base 12) in base 13?
1b2a414
-107bb2c (base 13) to base 4
-103101212000
-110001101011111100111 (base 2) to base 5
-404100020
441622 (base 8) to base 13
526c1
Convert 11002221121112 (base 3) to base 7.
24363524
What is 4206402 (base 7) in base 16?
7ba62
65433 (base 10) to base 4
33332121
What is -15717584 (base 9) in base 8?
-36002476
-11000111111000101011 (base 2) to base 13
-228874
What is -282890 (base 10) in base 11?
-1835a3
-742142 (base 9) to base 5
-103104124
Convert -1010100011100011100110 (base 2) to base 3.
-12012120201101
1a40ba (base 14) to base 4
3203310010
Convert 139c20 (base 15) to base 7.
11012136
-1188113 (base 10) to base 15
-187078
Convert -6c2c32 (base 13) to base 6.
-131122201
What is -2202022122 (base 3) in base 9?
-82278
-3813420 (base 10) to base 5
-1434012140
Convert 1001202110001121 (base 3) to base 14.
205b767
What is -39e5a3 (base 15) in base 4?
-22213101012
Convert 740461 (base 10) to base 15.
e95e1
What is -1823028 (base 12) in base 10?
-5023328
What is 1060584 (base 9) in base 6?
20124504
-217428 (base 9) to base 14
-355ba
Convert 2110431 (base 7) to base 3.
110221102020
101000100000000001101111 (base 2) to base 9
21871633
Convert -a418a (base 14) to base 4.
-1200202332
-7659 (base 11) to base 3
-111212100
What is -1896396 (base 15) in base 10?
-17942316
12102021211 (base 3) to base 15
218ea
Convert 1100001110100101100 (base 2) to base 6.
12331004
What is -2215013 (base 6) in base 4?
-123022101
What is 11203716 (base 8) in base 13?
66c7c3
14344244 (base 6) to base 14
ccab2
19b5976 (base 13) to base 8
40320164
What is 11321012022 (base 5) in base 11?
7412797
What is 1666640 (base 8) in base 7?
4065201
Convert 3055035 (base 6) to base 3.
21111101212
What is -1782b48 (base 13) in base 8?
-35162165
442112213 (base 5) to base 8
7223044
Convert 152123 (base 10) to base 7.
1202336
Convert 4323624 (base 11) to base 10.
7603424
Convert -536026 (base 7) to base 14.
-26016
What is 33667 (base 11) in base 7?
262012
307890 (base 11) to base 15
9b377
What is 361432 (base 7) in base 5?
4043024
What is 12113312 (base 6) in base 3?
201110111022
261985 (base 10) to base 4
333331201
-256742 (base 10) to base 7
-2116343
Convert -60b9b1 (base 12) to base 3.
-2211220000221
What is 33944 (base 13) in base 10?
93851
Convert 431443 (base 7) to base 5.
4400001
140a084 (base 12) to base 2
1111010000001111100100
200500012 (base 6) to base 15
471cb5
Convert -102191 (base 10) to base 12.
-4b17b
-32076617 (base 8) to base 9
-13786473
Convert -11c48b (base 13) to base 6.
-13052521
110000111000100010111 (base 2) to base 10
1601815
16b9b8 (base 13) to base 8
2126262
Convert -102345240 (base 6) to base 5.
-430140431
4071373 (base 8) to base 11
676a20
-11101021012000 (base 3) to base 5
-1043442312
Convert -11011441303 (base 5) to base 3.
-211020220120002
What is 104113143 (base 6) in base 8?
712